What is the units digit of l(b)?
2
Let x = -3 - -115. What is the units digit of x?
2
What is the tens digit of (40/(-6))/(8/(-12))?
1
Suppose 2*b - 31 = -u - 2*b, -2*u - 3*b + 47 = 0. Let t = 34 - u. Suppose 2*n - t = 5. What is the tens digit of n?
1
Let y = 10 + -6. Let s = 1 - -1. Suppose -y = -h + s. What is the units digit of h?
6
Let g = -2 + 3. Let l be g/(-2)*4*-1. What is the units digit of (3 + 2)*2/l?
5
Suppose -2 = c - 8. What is the units digit of 3/(c + -3) - -11?
2
Suppose 7*l = 2*l + 185. What is the units digit of l?
7
Suppose -4*n - 3 = s + 1, 2 = 2*s + 3*n. Suppose -p = -30 + s. Suppose h - 5*q + 4 = 0, 4*h + 4*q - p = h. What is the units digit of h?
6
Let a(l) = l**3 - l + 21. What is the units digit of a(0)?
1
Suppose 4*a + d + 1611 = 6*d, -5*a - 2021 = d. What is the tens digit of (-2)/10 + a/(-20)?
2
Suppose 0 = -2*f + 5 - 9. Let g(h) = -10*h + 2. What is the units digit of g(f)?
2
Let k be (-77)/(-28) - 6/8. Suppose 0 = -k*i + 6 + 4. Suppose -2*z - 2*z + 4*w = -76, -i*z + 2*w + 89 = 0. What is the tens digit of z?
1
Let k(y) = y**2 - 3*y - 4. Let i be 228/44 + 2/(-11). Let c be k(i). Suppose -5*q - 2*l = 2*l - 2, 0 = -3*l - c. What is the units digit of q?
2
Suppose -21 = s - 2*s. Let l = 15 + -7. Let v = s - l. What is the tens digit of v?
1
Let q be 2 - (2 - 1) - 0. What is the tens digit of 3*4*(q + 0)?
1
Let t be (-4 + 2 - 1) + 7. Let k be (-2)/2*-1*2. Suppose 0 = -k*m + m - p + 3, 24 = t*m + p. What is the units digit of m?
7
Suppose 5*a - 4*d - 20 - 136 = 0, 96 = 4*a + 4*d. What is the units digit of a?
8
Let i = 22 - 19. What is the units digit of i?
3
Let t = 177 - 149. What is the units digit of t?
8
Suppose -5*p + 15 + 10 = 0. Suppose -p*o + 19 = 4*k, -5*k + 0*o - 2*o = -28. Suppose n - 1 = k. What is the units digit of n?
7
Let b = -6 + 8. Suppose m + b*m = 18. What is the tens digit of 6/(2/m*1)?
1
Suppose -5*i = 2*g - 4 - 4, 5*i = 4*g - 76. What is the units digit of g?
4
Let d(r) = -r**3 - r**2 - 1. Let k(l) = 5*l**3 + 9*l**2 - 3*l + 3. Let b(f) = -6*d(f) - k(f). What is the units digit of b(3)?
2
Let j = -14 + 24. Suppose 4*k - j = 6. Suppose -4*q - u = -4*u - 21, -14 = -3*q + k*u. What is the units digit of q?
6
Let u(r) = -3*r + 1. Let w be u(-1). Let y = -4 + w. Suppose y = -2*x + 4*x - 12. What is the units digit of x?
6
What is the units digit of -3 + (12/(-2))/(-1)?
3
Suppose 5*a + 2*k + 2*k - 56 = 0, a - k = 4. Let b(t) be the third derivative of t**5/60 - 7*t**4/24 + 3*t**3/2 + 2*t**2. What is the units digit of b(a)?
7
Let k be ((-8)/3)/(18/(-81)). Suppose 2*w + w + 7 = 5*b, 4*b - 11 = -3*w. Suppose k = b*f + 2. What is the units digit of f?
5
What is the tens digit of (5 - 5) + (-4)/(4/(-39))?
3
Let x = 0 - -76. Let o = x - 47. What is the units digit of o?
9
Suppose 4*o + 2*z = 8*o - 388, -2*z = 2*o - 200. Let l = o - 68. What is the units digit of l?
0
Let y(i) = -7 + 4*i**2 - 8*i - 5*i**2 + i**3 + 5*i**2. Suppose 7 = -5*w - 5*q - 18, -3*q - 20 = 4*w. What is the units digit of y(w)?
8
Let m be (-2)/(-6) - 1/3. Suppose m = -r - 2*r. Suppose r = 3*j + j - 28. What is the units digit of j?
7
What is the units digit of (-330)/88*-2*16/6?
0
Let d(g) = 3*g**2 + g - 5. What is the hundreds digit of d(-7)?
1
Let u(h) = 7*h**2 + 12*h + 7. What is the tens digit of u(-8)?
5
Let g(m) = -1 + 3 + m**2 - 2*m + m - 1. Let n be g(-4). Suppose 0 = 5*p - 4*x + 15, -p - 7*x + n = -3*x. What is the units digit of p?
1
Suppose 51 + 61 = 4*f. What is the tens digit of f?
2
Let s(v) = 4*v**2 - 2*v - 2. Let h be (8/(-12))/(2/(-6)). What is the tens digit of s(h)?
1
Suppose 12*s = 8*s + 240. What is the tens digit of s?
6
Let g = 134 - 47. What is the units digit of g?
7
Suppose -4*j - 2 = -2*j. Let v be 89 + j*(4 - 1). Suppose -v = -4*a - 34. What is the units digit of a?
3
What is the units digit of (-22)/(-3)*(-42)/(-28)?
1
Let x(g) = -g + 1. Let t be x(8). Let f(j) = 5*j - 9. Let n(p) = -4*p + 9. Let v(h) = 5*f(h) + 6*n(h). What is the units digit of v(t)?
2
Let m(g) = -g**3 - 17*g**2 - 18*g - 16. What is the units digit of m(-16)?
6
Let k = 29 - 9. Let s = -10 + k. What is the units digit of s?
0
Suppose -h = -1 - 6. What is the units digit of h?
7
Suppose 3*y + 5 = -7. Let m = y - -16. What is the tens digit of m?
1
Let k(i) = -i**2 + 17*i - 13. What is the units digit of k(7)?
7
Let l(h) = -h**2 + 8*h + 7. Let v be 30/4 - 5/(-10). What is the units digit of l(v)?
7
Let g be (-2)/(-4) + 98/4. Let j = -12 + g. What is the tens digit of j?
1
Let h = 0 + -15. Let l = 30 + h. What is the units digit of l?
5
Let o(x) = -8 + 8 + x - 7. What is the units digit of o(8)?
1
Suppose 3*d - 4*o + 3*o - 802 = 0, -2*d - 4*o = -530. What is the units digit of d?
7
Let b = -58 + 115. What is the units digit of b?
7
Suppose -3*k = 2*p + 46, -p = 5*k + 23 + 42. Let y(x) = -x**2 - 11*x + 17. Let z be y(k). Suppose -43 = z*v - 148. What is the tens digit of v?
2
Suppose 5*g + 26 = -4. What is the units digit of 4/(-6)*g/1?
4
Suppose 2*u + u - 4*h - 67 = 0, 2*u = 4*h + 50. What is the tens digit of u?
1
Let d(c) = -c**3 + 6*c**2 + 9*c - 10. Suppose -4*k - 3*m = -43, 2*k - 4*m + 6 = -0. Let s be d(k). What is the units digit of 102/12 + 2/s?
9
Let t(n) be the third derivative of 7/6*n**3 + 1/60*n**5 + 0 + 1/24*n**4 - 2*n**2 + 0*n. What is the units digit of t(0)?
7
Suppose 2 = -2*x - 8. Let z(j) = -j**2 - 7*j - 3. What is the units digit of z(x)?
7
Suppose -10*n + 4 = -6*n. What is the units digit of n?
1
Suppose -4*b + 86 = -58. What is the tens digit of b?
3
Suppose 3*s - 21 + 84 = 0. Let r be 130/14 - (-6)/s. Suppose r*u - 4*u = 15. What is the units digit of u?
3
Suppose -p + 40 - 12 = 0. Let u = -17 + p. Let n = u + -7. What is the units digit of n?
4
What is the units digit of ((-2)/(-2))/((-9)/(-27))?
3
Let d be (-27)/12 + 1/4. Let g = d + 3. What is the units digit of g?
1
Let w(a) = -11*a + 33. What is the tens digit of w(-17)?
2
Suppose -4*n + 16 = 4*t - 2*n, 0 = 3*t + 3*n - 18. Let o(d) = d**3 - 3*d**2 + 2*d - 3. Let l be o(t). What is the units digit of (-9)/(l*(-2)/(-4))?
6
Suppose 4*u - 2 = -2*q, 0 = u - 6*u + 2*q + 25. Suppose 2*t = u*t - 16. Let s = 32 - t. What is the tens digit of s?
1
Let h = -1 - -3. Let s = 0 + h. Suppose -2*t = y - 15, y + s*t = 2*y - 23. What is the units digit of y?
9
Let n = -10 + 14. Suppose 0 = -2*l - n*p + 50, 0 = 6*l - 5*l - 5*p - 4. What is the tens digit of l?
1
Let k = 3 - 0. Let b(a) = -a + 2. Let u be b(-2). Suppose -k = -u*o + o. What is the units digit of o?
1
Let n = -3 + 7. Suppose -38 = -4*w - 2*s, 9*w - 4*w - n*s - 67 = 0. What is the units digit of w?
1
Let a(z) = 2*z**2 - 10*z**3 - z**2 - z + 11*z**3 + 3. What is the units digit of a(0)?
3
Let a = 4 + -8. Let z = a + 7. What is the units digit of (-2 - 0)/(z/(-18))?
2
Suppose -3*l = l + 24. Let v be l*(6/4 + -1). Let d = v + 6. What is the units digit of d?
3
Let t(a) = a**2 + 6*a + 3. Let p be t(-4). What is the units digit of (-1)/((15/27)/p)?
9
Let g be (-2 - 1)/(3/(-9)). Suppose k + 0*k = g. What is the units digit of k?
9
Suppose 3*z - 123 = 2*q + 3*q, -3*z + 105 = q. What is the units digit of -1 + (z + 0)/2?
7
Suppose 0 = j + j + 14. Let m(b) be the first derivative of b**4/4 + 2*b**3 - 3*b**2 + 10*b - 1. What is the units digit of m(j)?
3
Let c be -3*((-150)/9 + 0). What is the tens digit of c/3 - 7/(-21)?
1
Suppose 0 = 12*h - 13*h + 19. What is the units digit of h?
9
Suppose 12*w - 7*w = 175. What is the units digit of w?
5
Suppose 7 - 1 = 2*z. Suppose -z*l + l + 12 = 0. Suppose 2*c - 4*g - l = -0, 5*g = -5. What is the units digit of c?
1
Let b(g) = -3*g + 10. Let w(p) = 9*p - 29. Let n(j) = 8*b(j) + 3*w(j). Suppose -6*o - 6 = -7*o. What is the units digit of n(o)?
1
Let l(f) = 2*f + 2. Let j be l(5). Let h(d) = -3*d + 2. Let u be h(2). Let q = j + u. What is the units digit of q?
8
Suppose -u + 5*g - 11 = 0, -11 = 5*u - g - 2*g. Let q = u - -7. What is the units digit of q?
6
Let b = 3 - -2. Let m(i) = 1 + 4*i**3 - i - 3*i - 2*i + b*i. What is the units digit of m(1)?
4
Let q be -40 + (-3 - (-1 - 2)). What is the units digit of ((-6)/5)/(12/q)?
4
Let j(g) = 65*g**2 + 2*g + 1. What is the tens digit of j(-1)?
6
Let r = 4 + -2. Let k = r - 0. What is the units digit of k?
2
Let i = 115 + -77. What is the tens